{"id":217,"date":"2018-09-17T08:25:47","date_gmt":"2018-09-17T06:25:47","guid":{"rendered":"https:\/\/www.hegeringcalenberg.de\/?page_id=217"},"modified":"2022-04-03T21:34:01","modified_gmt":"2022-04-03T19:34:01","slug":"jaeger-werden","status":"publish","type":"page","link":"https:\/\/www.hegeringcalenberg.de\/?page_id=217","title":{"rendered":"J\u00e4ger\/in werden"},"content":{"rendered":"<h2>Was machen J\u00e4ger?<\/h2>\n<p><iframe loading=\"lazy\" src=\"https:\/\/www.youtube.com\/embed\/BiID9mNhP84?rel=0&amp;showinfo=0\" width=\"560\" height=\"315\" frameborder=\"0\" allowfullscreen=\"allowfullscreen\"><\/iframe><\/p>\n<h2>Wie werde ich J\u00e4ger\/in?<\/h2>\n<p style=\"text-align: justify;\">Voraussetzung ist das Bestehen der staatlichen J\u00e4gerpr\u00fcfung, die auch gerne als &#8222;Gr\u00fcnes Abitur&#8220; bezeichnet wird.\u00a0Die J\u00e4gerpr\u00fcfung gliedert sich in die Schie\u00dfpr\u00fcfung (mit Wiederholungsm\u00f6glichkeit), die schriftliche Pr\u00fcfung und die m\u00fcndlich-praktische Pr\u00fcfung im Revier. Die Pr\u00fcfung findet an drei Tagen (ein Pr\u00fcfungsfach\/ Tag) statt.<\/p>\n<h2>Wie bestehe ich die Pr\u00fcfung?<\/h2>\n<p style=\"text-align: justify;\">Das Bestehen der J\u00e4gerpr\u00fcfung setzt ein fundiertes Wissen aus allen Bereichen der Jagd voraus. Die Teilnahme an einem Vorbereitungslehrgang ist nicht zwingend vorgeschrieben, aber ohne einen Vorbereitungskurs ist es kaum m\u00f6glich, die Pr\u00fcfung zu bestehen. Die Bezeichnung &#8222;Gr\u00fcnes Abitur&#8220; hat seinen Grund. Vorbereitungskurse werden von diversen Jagdschulen oder von der \u00f6rtlichen J\u00e4gerschaft angeboten.<\/p>\n<h2>Welcher Kurs ist der richtige?<\/h2>\n<p style=\"text-align: justify;\">Wir vom Hegering Calenberg empfehlen den j\u00e4hrlich stattfindenen Vorbereitungslehrgang der<strong> J\u00e4gerschaft Hannover-Land e.V.<\/strong> als Grundlage f\u00fcr die staatliche J\u00e4gerpr\u00fcfung. Der Lehrgang bietet nicht nur hervorragende Pr\u00fcfungsvorbereitung sondern auch einen qualitativ guten Start in das J\u00e4gerleben mit <strong>nachhaltiger Wissensvermittlung<\/strong>.<\/p>\n<p style=\"text-align: justify;\">Ziel der J\u00e4gerschaft Hannover Land e.V. in dem mehrmonatigen Lehrgang ist es, das Wissen langfristig zu vermitteln und so bei den Teilnehmern auch nach bestandener Pr\u00fcfung zu erhalten. Bei der Wissensvermittlung gilt daher: <strong>Qualit\u00e4t vor Schnelligkeit.<\/strong><\/p>\n<h2>Lehrgangsablauf<\/h2>\n<p style=\"text-align: justify;\">Der Ablauf des Lehrgangs bei der J\u00e4gerschaft Hannover-Land gestaltet sich in etwa wie folgt:<\/p>\n<ul>\n<li style=\"text-align: justify;\">Die verantwortungsvolle und sichere Handhabung der Waffen und das jagdliche Schie\u00dfen werden in den ersten sechs Wochen im Mittelpunkt stehen. Nach der Schie\u00dfpr\u00fcfung k\u00f6nnen sich die Teilnehmer intensiv auf die restlichen F\u00e4cher konzentrieren, in denen eine schriftliche und m\u00fcndlich-praktische J\u00e4gerpr\u00fcfung stattfindet.<\/li>\n<li style=\"text-align: justify;\">In Theorie und Praxis werden die Biologie, Lebensr\u00e4ume und Lebensweisen frei lebender Tiere unterrichtet, jagdliche Einrichtungen gebaut, das richtige Verhalten bei der Jagdaus\u00fcbung gelehrt oder im Fach Naturschutz weitreichende Kenntnisse \u00fcber die Bed\u00fcrfnisse von Tieren und Pflanzen unserer Heimat vermittelt.<\/li>\n<li style=\"text-align: justify;\">Unterricht \u00fcber Jagdhunde, Lebensmittelhygiene, Jagd-, Naturschutz- und Tierschutzgesetzgebung sind weitere Themen, die als Grundlage der Jagd dienen. Wildbret fachgerecht zu zerlegen und f\u00fcr die Weiterverarbeitung in der K\u00fcche vorzubereiten steht ebenfalls auf dem Stundenplan. Schlie\u00dflich zielt ein wesentlicher Teil des Jagens darauf, gesundes und schmackhaftes \u201eWildfleisch\u201c zu bekommen.<\/li>\n<\/ul>\n<h2>Wo anmelden?<\/h2>\n<p style=\"text-align: justify;\">Natur- und Jagdinteressierte k\u00f6nnen sich unverbindlich \u00fcber diesen Lehrgang und dessen Inhalte kundig machen. N\u00e4here Informationen k\u00f6nnen beim Lehrgangsleiter Uwe V\u00f6lksen erfragt werden. <a href=\"https:\/\/www.jhland.de\/jagd\/jaegerlehrgang\/\" target=\"_blank\" rel=\"noopener\">F\u00fcr weitere Informationen und Anmeldeformalit\u00e4ten hier klicken.<\/a><\/p>\n","protected":false},"excerpt":{"rendered":"<p>Was machen J\u00e4ger? Wie werde ich J\u00e4ger\/in? Voraussetzung ist das Bestehen der staatlichen J\u00e4gerpr\u00fcfung, die auch gerne als &#8222;Gr\u00fcnes Abitur&#8220; bezeichnet wird.\u00a0Die J\u00e4gerpr\u00fcfung gliedert sich in die Schie\u00dfpr\u00fcfung (mit Wiederholungsm\u00f6glichkeit), &#8230;<\/p>\n","protected":false},"author":1,"featured_media":0,"parent":0,"menu_order":0,"comment_status":"closed","ping_status":"closed","template":"","meta":{"footnotes":""},"class_list":["post-217","page","type-page","status-publish","hentry"],"_links":{"self":[{"href":"https:\/\/www.hegeringcalenberg.de\/index.php?rest_route=\/wp\/v2\/pages\/217","targetHints":{"allow":["GET"]}}],"collection":[{"href":"https:\/\/www.hegeringcalenberg.de\/index.php?rest_route=\/wp\/v2\/pages"}],"about":[{"href":"https:\/\/www.hegeringcalenberg.de\/index.php?rest_route=\/wp\/v2\/types\/page"}],"author":[{"embeddable":true,"href":"https:\/\/www.hegeringcalenberg.de\/index.php?rest_route=\/wp\/v2\/users\/1"}],"replies":[{"embeddable":true,"href":"https:\/\/www.hegeringcalenberg.de\/index.php?rest_route=%2Fwp%2Fv2%2Fcomments&post=217"}],"version-history":[{"count":22,"href":"https:\/\/www.hegeringcalenberg.de\/index.php?rest_route=\/wp\/v2\/pages\/217\/revisions"}],"predecessor-version":[{"id":1126,"href":"https:\/\/www.hegeringcalenberg.de\/index.php?rest_route=\/wp\/v2\/pages\/217\/revisions\/1126"}],"wp:attachment":[{"href":"https:\/\/www.hegeringcalenberg.de\/index.php?rest_route=%2Fwp%2Fv2%2Fmedia&parent=217"}],"curies":[{"name":"wp","href":"https:\/\/api.w.org\/{rel}","templated":true}]}}